)/1. What is the units digit of (-70)/(-28)*x/(-20)?
7
Let z = 99 - 93. Suppose 365 = -d + j, -z*j + 2*j - 706 = 2*d. Let x = d - -552. What is the hundreds digit of x?
1
Let h(i) be the third derivative of i**4/6 + 59*i**3 - 3*i**2 + 2. What is the hundreds digit of h(0)?
3
Let a = -28 - -28. Suppose -1 = i, a = r - 0*r - 5*i - 94. What is the units digit of r?
9
Let c = 160 - 306. Let u = 525 + c. What is the units digit of u?
9
Let f(d) = d**3 + 12*d**2 - 28*d + 21. Let c be f(-14). What is the units digit of 402 + 5/(35/c)?
5
Let u(c) be the third derivative of -c**6/120 - c**5/5 + 3*c**4/2 - 11*c**3/6 + 8*c**2 + 16*c. What is the units digit of u(-18)?
5
Let y = 853 - -1932. What is the thousands digit of y?
2
Suppose -57*i = -62*i + 1390. What is the units digit of -19 + i + -2 + 7?
4
Suppose 4*x = -5*y + 30978, 3*y + 16648 + 6545 = 3*x. What is the units digit of x?
7
Let z = -27 - -46. Let q = 25 - z. Suppose 0 = -c + 2*h + 35, c - 9 = -3*h + q. What is the tens digit of c?
2
Let a = 93303 + -50528. What is the units digit of a?
5
Let r = 1199 + -824. Suppose 5*c - 2*c = r. What is the units digit of c?
5
Suppose 0 = 19*q - 6614 - 4634. Suppose -606 = -2*d + 4*t, -2*d - 10 = 2*t - q. What is the hundreds digit of d?
2
Let r(x) = x + 2. Let w(l) = 3*l + 57. Let t(i) = 4*r(i) + w(i). What is the hundreds digit of t(23)?
2
Let w be 6 + 15942/54 + 2/(-9). Suppose 0 = -4*x - 20, x = 2*z - w - 832. What is the tens digit of z?
6
Suppose -16*i - 180*i - 198298 = -2858018. What is the ten thousands digit of i?
1
What is the hundreds digit of (16/20)/(25448/8480 - 3)?
8
What is the hundreds digit of -3 + 7498 - (-1 - (1 + 6))?
5
Let x = -14 - -50. Let l = x - 45. What is the tens digit of (-8 - l)/(2 - 106/54)?
2
Let u be (3 - 1083/6)*(2 + -4). Suppose 0 = -5*p + 5*h - 875, -2*p + 5*h = 4*h + u. What is the units digit of 8/14 + p/(-28) + -5?
2
Let i = 13677 - -14448. What is the hundreds digit of i?
1
Suppose y + c - 19 = 0, 4*c = 3*c + 4. Suppose y - 14 = i. Suppose m + i - 30 = 0. What is the units digit of m?
9
Let n be (4/12 - (-70)/15)*2. Suppose -3*d + o = -4002, -13*o - 4002 = -3*d - n*o. What is the thousands digit of d?
1
Suppose d = v - 7134, -29*v + 24*v + 35667 = -4*d. What is the units digit of v?
1
Let q be 4 + (-3 - -3)/1. Suppose 3 = -3*y, 2*y + 460 = 2*k - 54. Suppose k = 4*a + q*g - 0*g, -g + 1 = 0. What is the units digit of a?
3
Suppose -5*l + 2*x = -9 - 8, -5*x = 5. Suppose -u = -3*t - 0*t + 452, 0 = -4*t - l*u + 581. What is the tens digit of t?
4
Suppose 2*i = -2*q + 12196, i - q - 2897 = 3189. What is the units digit of i?
2
Suppose -2*i - 5*j = -16, -5*j = -0 + 20. Suppose -i*a + 1495 = -287. What is the tens digit of a?
9
Let b = -2 + 31. Suppose 19*t + 3810 = b*t. What is the units digit of t?
1
Suppose 0 = 244*f - 235*f + 252. Let d = 100 - f. What is the hundreds digit of d?
1
Let l = 202 + -133. Suppose -5*g = 4*w + 36 - 259, -2*w - 3*g + 111 = 0. Let m = l - w. What is the tens digit of m?
1
Let l(a) = a**3 + 8*a**2 - 2*a + 97. What is the thousands digit of l(17)?
7
Suppose 92*n + 182*n = 19226306. What is the hundreds digit of n?
1
Suppose 578*o = 579*o - 25454. What is the tens digit of o?
5
Let k = -46 - 286. What is the units digit of (k/40*2)/(1/(-5))?
3
Let y = -55785 + 101762. What is the units digit of y?
7
Suppose 8431 = 10*l + 321. Let f = l + -398. What is the units digit of f?
3
Let k be 1102 - (-3 - (-3 + 2)). Suppose -66*r - 1895 + 761 = -255*r. Suppose -r*y = -0*y - k. What is the hundreds digit of y?
1
Suppose 18*g - 17*g = 96. Let v = g + -98. What is the units digit of v*(1 - 0)*3753/(-54)?
9
Let q(x) be the third derivative of x**6/120 + 23*x**5/60 - x**4/12 + 9*x**3/2 + 11*x**2. Let a be q(-23). Let u = 72 + a. What is the hundreds digit of u?
1
Suppose 0 = -6*v + 10038 - 1512. Let x = -852 + v. What is the units digit of x?
9
Let q(v) be the third derivative of 3*v**4/4 - 2*v**3/3 + 487*v**2 - 1. Let a = 3 + 0. What is the units digit of q(a)?
0
Suppose 68*w + 511965 = 1160333 + 978396. What is the ten thousands digit of w?
2
What is the units digit of 436 + 102/136*8/3?
8
Suppose 0 = 3*s + 3*i - 3, 14*s + i - 16 = 10*s. Suppose n - 3730 = -s*r, 0*r - 4*n - 3730 = -5*r. What is the hundreds digit of r?
7
Suppose j = -27*b + 23*b + 2960, -2*j = 7*b - 5179. What is the hundreds digit of b?
7
Let a = 11031 + -7169. What is the tens digit of a?
6
Suppose -j - 2047 = 4*u, -4*u - u - 3*j - 2564 = 0. Let a = 892 + u. What is the hundreds digit of a?
3
Suppose 33*w - 22*w = 15*w - 34060. What is the thousands digit of w?
8
Let m(p) = -62*p + 103. Let l(s) = 993*s - 1647. Let x(g) = 2*l(g) + 33*m(g). What is the units digit of x(-7)?
5
Suppose 111*j = 220*j - 278984 - 1582. What is the hundreds digit of j?
5
Let q = -15 - -133. Let c = q + -37. Suppose 77*u + 140 = c*u. What is the tens digit of u?
3
Suppose 0 = 3*w + 21 - 21. Let u(g) be the third derivative of -g**4/8 + 21*g**3 + 5*g**2. What is the units digit of u(w)?
6
Suppose 2*a - 12 = 5*n - 39, -n + 2*a = -7. Suppose -h = n*w - 658, -h + 4*w + 19 = -621. What is the units digit of h?
8
Let q be -30*4/(12/(-7)). Let d = q + -145. Let a = d - -143. What is the tens digit of a?
6
Let v(f) = -2*f**3 - 6*f**2 + 7*f + 2. Let j be v(-6). Let p = -1111 - -1009. Let l = p + j. What is the tens digit of l?
7
Let j be (2 + (-2)/1)*(-8)/16. Suppose j = 16*a - 17*a + 855. What is the hundreds digit of a?
8
Let c(r) = -r**3 - 4*r**2 + 5*r + 1. Let w be c(-6). Let m = 1 + w. Suppose -45*b = -m*b - 177. What is the units digit of b?
7
Suppose 3133 = -6*s - 1685. Let w = s - -1686. What is the hundreds digit of w?
8
Let h = 799 + -622. Suppose h*y = 175*y + 3240. What is the hundreds digit of y?
6
Let c be 0 + (2 - (1 - 4)). Suppose -2*y - c*w = y - 2871, 0 = 2*y + 5*w - 1914. What is the units digit of y?
7
Suppose 3*r = -2*z - 55 + 14, 21 = -z - 2*r. What is the units digit of z/((-76)/24) - -1210?
6
Suppose 3*r + 2*a + 30 = r, -2*a = 5*r + 66. What is the hundreds digit of r*-1*(-46)/(-4)?
1
Let k be (0 - -2)*(-8)/((-128)/40). Suppose 0 = 5*a - 3*n - 180, 2*a - k*n = -n + 58. What is the tens digit of a?
3
Let u = -152 + 152. Suppose -2*q + u*w + 654 = 2*w, -4*w = -4*q + 1292. What is the units digit of q?
5
Suppose 0 = -15*c + 84145 + 23630. What is the hundreds digit of c?
1
Let q = -134 + 132. Let y(z) = -286*z - 9. What is the units digit of y(q)?
3
Suppose 1 = -6*k + 5*k - 3*w, 0 = -k - w + 1. Suppose 3*s + 4547 = 7*r - k*r, 3*r - 2733 = 3*s. What is the hundreds digit of r?
9
Let g be 422 - ((-18)/12 - (-26)/4). Let a = g + -252. What is the hundreds digit of a?
1
Suppose -4*y - 5*j = -22716, 0 = 518*j - 522*j - 16. What is the hundreds digit of y?
6
Let h = 171 + -312. Let r = 146 + h. Suppose -3*x + 218 = -4*q, -227 = -r*x + 2*x - 5*q. What is the units digit of x?
4
Suppose 0 = -155*w + 167*w - 189228. What is the tens digit of w?
6
Let g = -6 + -3. Let c be ((-360)/(-56) + -6)/(3/21). What is the tens digit of g/(6 - c) - -113?
1
Suppose -q = 5*x - 23, -5*x = -7*q + 11*q - 17. Suppose 4*t - 3567 - 345 = -4*p, 2*p + x*t = 1956. What is the units digit of p?
8
Suppose 27272 + 19305 = 3*r + l, -5*l = -8*r + 124190. What is the hundreds digit of r?
5
Suppose 40582 = 94*b - 126456. What is the units digit of b?
7
Let z(k) = 792*k + 5721. What is the tens digit of z(16)?
9
Suppose 3*s + 2*x + 3*x - 12 = 0, -2*s - 4*x + 8 = 0. Suppose 0 = -s*w + 5*w - 5*q - 86, -q = 5*w - 326. What is the tens digit of w?
6
Let b be (966/115)/(4/(-10)). What is the tens digit of 15/(b/7)*-339?
9
Suppose 82*o = 29*o + 41*o + 223200. What is the hundreds digit of o?
6
Suppose 8830536 = -9*q + 127*q + 48*q. What is the thousands digit of q?
3
Let k(n) = 200*n**2 - 18*n + 58. What is the tens digit of k(6)?
5
Suppose 4*j - i - 5723 = 0, 3*i = 4*j + i - 5722. Let b = j + -411. Suppose -38*d = -33*d - b. What is the tens digit of d?
0
Let t(v) be the first derivative of v**4/4 + v**3 + v**2 - v - 14. Let c be t(-2). Let h(i) = -134*i**3 + i**2 + i. What is the units digit of h(c)?
4
Suppose -7*b + 44 = 9. Suppose b*q - 9 = 4*q. What is the units digit of q?
9
Let b = -41 + 43. Suppose b*w - 427 + 147 = 0. Suppose -4*y - w = -632. What is the units digit of y?
3
Let o(n) 